-4)*-10 - -2?
False
Let w be (-39)/(-18) - (-2)/(-12). Suppose 0 = d - w*d + 35. Is d a multiple of 19?
False
Suppose -9*m - 134 = -3*d - 14*m, m - 4 = 0. Is d a multiple of 4?
False
Suppose -2*j = 2*g - 406, -3*g - 8 = -g. Suppose 4*p + 7 = j. Is 9 a factor of p?
False
Let i = 11 - -10. Suppose 0 = 5*y + i - 96. Suppose -y = -3*o + 45. Is o a multiple of 17?
False
Suppose 2*i = 3*c - c + 116, 3*c + 5*i + 158 = 0. Let o = 141 + c. Is o a multiple of 17?
True
Let d = 11 - 5. Let y(l) = 2*l + 2. Let p be y(d). Suppose n - 2*n + p = 0. Is 14 a factor of n?
True
Does 19 divide (-12)/(-9) + (-9333)/(-27) + 4?
False
Let m = 244 + -87. Is m a multiple of 47?
False
Let x be (-2 - 4/(-12))/(2/(-6)). Suppose 2*a = 5*y + 278, -2*a + a - x*y + 154 = 0. Is 36 a factor of a?
True
Let u = -1270 - -1275. Let y be -1 + (-3*8)/(-1). Suppose -k - 24 = -x + y, x = -u*k + 23. Does 23 divide x?
False
Let n = -1002 - -974. Let o be (-16)/(2*(-1)/(-3)). Let x = o - n. Is 2 a factor of x?
True
Let x be (-146)/30 - 4/30. Let z = x + 5. Is 125/5 + 2 + z a multiple of 5?
False
Let f(s) = -s - 10. Let y be f(-10). Suppose y*z + 5*z = 0. Suppose 2*h - 5*p = 50, z = h - 3*h + 2*p + 44. Is 20 a factor of h?
True
Is 5 a factor of 6 + 47 - (-3 + 1/(-1))?
False
Suppose 2*s - 26 = -2*x, 5*s + 7 = 4*x - x. Is 11 a factor of -3 + (-418)/(-18) + (-2)/x?
False
Suppose 0 = 3*n - 5*w - 451, 3*n + 5*w - 435 = 2*w. Does 3 divide n?
True
Let r be (-17)/1*(-16)/(-2). Let a = r - -196. Suppose -35 = -4*o - p, 4*o + p = 5*p + a. Does 2 divide o?
True
Let l(i) be the first derivative of -i**7/840 - i**6/120 + i**5/120 + i**4/6 + 4*i**3/3 - 1. Let b(o) be the third derivative of l(o). Is b(-4) a multiple of 8?
True
Let b be ((-4)/8)/((-3)/66). Let k = 26 - b. Is k a multiple of 3?
True
Is 3 a factor of 1/(-8) + 17/8 + 8?
False
Suppose 5*i - 21 = -2*i. Suppose 3*p - 209 = -6*f + f, i*f + p - 127 = 0. Does 12 divide f?
False
Suppose 8*h = 10*h - 3*d - 653, 2*d + 1616 = 5*h. Is h a multiple of 23?
True
Is 12 a factor of 91*3*(-18)/(-54)?
False
Let j(c) = c**3 + 7*c**2 - 3*c - 3. Let a be (-4)/6 + (-57)/9. Does 3 divide j(a)?
True
Let y = -547 - -1197. Does 25 divide y?
True
Let z(k) = -3*k - 117 - 2*k + 123. Is 6 a factor of z(-6)?
True
Let s = 4153 + -2025. Is s a multiple of 56?
True
Let i = 52 + -52. Suppose i = -2*n + 382 - 76. Is n a multiple of 16?
False
Suppose -z - 2*z - 1245 = 3*p, 0 = -3*z + 4*p - 1252. Is (z/(-40))/((-3)/(-30)) a multiple of 16?
False
Does 3 divide (-2)/9 + (-1160)/(-36)?
False
Let d = -3 - -3. Suppose 0 = q - 3*a - 15, d = -3*q + a + 5. Suppose 83 = 5*y - n, q = -4*y - 3*n - 0*n + 74. Is y a multiple of 5?
False
Suppose 0 = -5*o + 4*a - 75, -5*a + 2*a = 5*o + 110. Let f = o + 41. Let m = f - 10. Does 12 divide m?
True
Suppose -3*c + 14 + 19 = 0. Suppose -332 = -c*g + 9*g. Suppose 5*n = -4*m + g, 4*m - 159 = -4*n - 27. Is 17 a factor of n?
True
Suppose 3*o = -3*p + 1488, 3*p - 1474 = 4*o - 0*o. Does 6 divide p?
False
Let p = 2 - 0. Let c(f) be the third derivative of 2*f**5/15 - f**3/6 - 30*f**2. Does 22 divide c(p)?
False
Suppose 5*k + 230 - 1630 = 0. Does 28 divide k?
True
Let z(v) = v**2 - 8*v. Suppose 37 = 5*m - o, -m + 4*o + 2 = 2*o. Let y be z(m). Suppose -2*p + 4*p - 8 = y, 30 = 2*q + 3*p. Is 4 a factor of q?
False
Suppose 0*h = h + 4. Is 3 a factor of 2 + (6 - (h + 6))?
True
Let a = -33 + 240. Does 23 divide a?
True
Suppose -3*v - 5*p = -2*p - 2721, -5*v + 4532 = 4*p. Is v a multiple of 20?
False
Suppose -2381 = -19*t + 4611. Is t a multiple of 16?
True
Let w = 730 + -175. Suppose 3*o + 3*d = w, 0 = -2*o + 2*d + d + 370. Does 25 divide o?
False
Let j be (2/4)/((-9)/2016). Let q = j - -163. Is 10 a factor of q?
False
Suppose -5*l + 2*g + g - 3 = 0, 4 = 4*g. Suppose l = 4*s - 3*s - 32. Is 8 a factor of s?
True
Suppose -4*r = -5*r + 402. Suppose 3*b = -87 + r. Suppose g - b = -4*g. Is g a multiple of 12?
False
Suppose -3*z + 4*x = -19, 2*x = -3 + 1. Let k = z + -3. Suppose -t + k*t - 33 = 0. Is 9 a factor of t?
False
Suppose 2*p = 4*p + 4*z - 40, 3*z = 4*p - 135. Let v be (36/(-15))/(9/p). Let b = 35 + v. Is b a multiple of 6?
False
Let l(s) be the second derivative of -s**5/10 + s**4/6 + 4*s. Let h be l(-2). Suppose 3*z = j - h, j = 3*j - 5*z - 45. Is 15 a factor of j?
True
Suppose 2*d - 48 + 20 = -2*y, -2*d = 3*y - 41. Let u = y + 50. Does 9 divide u?
True
Suppose 0 = 4*d + 5 + 15. Let o(b) be the first derivative of b**4/4 + 2*b**3 + 5*b**2/2 + 5*b + 11. Is 4 a factor of o(d)?
False
Let n = -20 + 23. Suppose -5*v - 4*f + 0*f - 5 = 0, v - n*f = 18. Is (-50)/(-4) + v/2 a multiple of 9?
False
Let y(d) be the first derivative of -d**4/4 - 2*d**3/3 + d**2 + 2*d + 3. Let q be y(-3). Is (-29 - (q - 2))/(-2) a multiple of 8?
True
Let b = -28 - -31. Suppose 4*c = f - 41, f - b*c + 9 = 48. Is 11 a factor of f?
True
Suppose -86*l = -78*l - 17064. Is l a multiple of 95?
False
Let a(k) be the first derivative of k**3/3 + 17*k**2/2 + 3*k - 6. Let t be a(-14). Let c = -15 - t. Does 5 divide c?
False
Suppose 0 = -2*o + 1579 + 581. Is o a multiple of 18?
True
Suppose 5 = -3*s + 2*s. Let t(v) = -v**3 - 5*v**2 - 2. Let c be t(s). Is 11 a factor of (c + 0)*25/(-2)?
False
Suppose 3*g = -4*o + 273, 5*o + 3*g + 2*g = 345. Is 11 a factor of o?
True
Let q be ((-3)/6)/(4/56) + 2. Let c = q - -61. Does 4 divide c?
True
Let q(z) = 2*z**2 + 10*z + 3. Let v be q(-5). Suppose 5*j - 194 = v*j. Is j a multiple of 19?
False
Suppose 2*z + 2614 = 13*r - 9*r, 3*r + 5*z - 1928 = 0. Is 31 a factor of r?
True
Suppose 2*j = 2*i + 154, 2*j = -3*j - 4*i + 340. Does 9 divide j?
True
Is 33 a factor of 1326/8 + (-3)/4?
True
Suppose -2*k - 3*k = -20. Let a(i) = 6*i + 4 + i - k*i. Is a(2) a multiple of 5?
True
Let g be -125 + (0 - (-2 + 1)). Let u = g - -62. Is (2 - u) + (-3)/1 a multiple of 13?
False
Let h be (18 - -26) + -2*2. Let g = h - 28. Is g a multiple of 4?
True
Suppose -1 + 7 = -o. Is (-2)/((o/(-4))/((-900)/16)) a multiple of 20?
False
Suppose 4*a + a = 5*t, -3*a = -5*t. Suppose 11*g - 14*g + 21 = a. Suppose 2*i = -g*d + 2*d + 47, -3*i + 4*d + 128 = 0. Is 18 a factor of i?
True
Let o = -39 - -1152. Is o a multiple of 14?
False
Let n be 0/(-9) - (-5 - -1). Suppose -5*x + 310 = 3*s, 2*x - 184 = -n*s + 234. Is 21 a factor of s?
True
Let x(v) = 19*v - 3. Let g be x(2). Let a be (-52)/(-10) + (-7)/g. Let w = 11 - a. Is w a multiple of 6?
True
Suppose -13*g + 22111 = 2104. Is g a multiple of 58?
False
Let f(v) = 39 + 4*v**2 - 110*v - 3*v**2 + 102*v. Does 9 divide f(15)?
True
Suppose -5*l = -l - 4, 2*b = -4*l + 14. Is 18 a factor of b/((-110)/(-4)) + (-592)/(-11)?
True
Let g be 3/2*4/1. Suppose -6*c = -3*c - g. Suppose -2*z + 14 = c*r, -4*r + 5*z = -7*r + 25. Does 2 divide r?
False
Is (5 - 1666/(-21)) + (-2)/(-3) a multiple of 35?
False
Let u(g) = 60*g**2 + g + 2. Is 2 a factor of u(-1)?
False
Suppose -19*u + 2104 = -20601. Is u a multiple of 44?
False
Let z(w) = w**3 - 9*w**2 + 3*w + 9. Suppose -8 = -t - 0*t. Suppose 39 = 5*l + 2*b, -b = 2*l - 23 + t. Is 9 a factor of z(l)?
True
Let x(a) = -a**2 - 17*a - 26. Suppose 4*o = 5*d - 67, 5*o + 3*d + 56 = -0*d. Is 5 a factor of x(o)?
False
Let p be (-33)/9 + 3 - 34/(-6). Suppose p*v = -4*o + 23 + 22, 0 = 3*o + 2*v - 32. Is o a multiple of 5?
True
Let l(m) = m**3 - 6*m**2 + 4*m + 10. Let p be l(5). Suppose 2*r - r + 4*z - 124 = 0, -p*z - 235 = -2*r. Is r a multiple of 35?
False
Let m(f) = 2*f**2 + 2*f - 1. Let b be m(4). Let j = b - 19. Suppose j = q - 4. Does 4 divide q?
True
Let z = -4 - -7. Suppose 0 = -x + 2*k + 118, -114 = -x - 0*k + z*k. Is 13 a factor of x?
False
Suppose 0 = 5*r, -49 - 23 = -2*b + 5*r. Is 6 a factor of (-4)/3*b/(-8)?
True
Let z(x) be the second derivative of -x**4/12 + 7*x**3/2 + x**2 - 45*x. Let o(h) = h**3 - h**2 + h + 10. Let a be o(0). Is z(a) a multiple of 35?
False
Suppose -z = -4*f - 4, z - 3*f = -0*z + 3. Suppose -2*j = -0*j - 3*v + 72, -v = z. Let w = j - -64. Does 8 divide w?
False
Suppose 85*n - 86*n + 5*c = 2, -3*c = -2*n + 10. Does 8 divide n?
True
Let q(p) be the third derivative of p**6/120 - p**5/15 + p**4/12 - 5*p**3/6 + 5*p**2. Let k be q(4). Suppose 0 = -w + k*w - 96. Does 16 divide w?
True
Let n be (-26)/(-1) - 3/1. Suppose -3*u + n = -379. Let a = u - 85. Is 13 a factor of a?
False
Let a be (-8)/(-20) - ((-328)/